-12 + -2
-7
Calculate (10 - (7 - 1)) + (18 - 32).
-10
Evaluate -9 + -6 - (1 + -6).
-10
What is 13 + (-12 - -7) - 15?
-7
What is the value of 6 - (19 + -8 - -6)?
-11
(3 - 8) + 12 + (6 - (6 - 0))
7
Evaluate (-3 + 23 - 11) + 3.
12
531 - 542 - (4 - 1)
-14
Calculate -6 + -18 + 9 + 0 - (13 + -17).
-11
Evaluate (-27 - -14) + 14 - (24 + -1).
-22
What is the value of -19 + (2 - -19) + -20?
-18
What is the value of 3 - (-14 - -13 - -9)?
-5
Calculate (-2 - -9) + (-20 - -23) + -26.
-16
Evaluate (-7 + -3 + 14 - -3) + -1 + 0.
6
Calculate -7 + (39 - (2 - 11 - (-23 + 10))).
28
What is 22 - ((5 - 3) + (-15 - (-10 + -7)))?
18
Evaluate (-5 + 2 - -4) + 11 + -3.
9
What is the value of (-18 - -24) + -8 + 2 + -3?
-3
Evaluate (366 - 324) + -14 + (7 - 3).
32
What is the value of -4 - -2 - (6 + -3 + -8)?
3
What is the value of 7 + -7 + -4 + 15 + 0?
11
Calculate 23 + -11 + -8 + -2 + -2.
0
What is the value of -1 + -7 + 19 - 20?
-9
-2 - ((-5 + 3 - 0) + 0)
0
What is the value of -11 - (7 + -6 + 0 + 12)?
-24
Evaluate (3 + -3 - 21) + (3 - (3 - -8)).
-29
What is -11 - -1 - (170 - 172)?
-8
2 - (-13 - -24 - 7)
-2
What is -40 - ((-32 - 12) + 15)?
-11
Evaluate 2 + (-12 - (-3 + 17 - (1 - -7))).
-16
What is 16 + -20 + 21 + -13 - -19?
23
Evaluate 9 - 12 - 7 - (-28 + -7 - -1).
24
What is the value of (-3 - 3 - -2) + -10 + -1?
-15
-51 + 31 - (12 + -2)
-30
Evaluate -7 - (4 - (33 - 18)).
4
What is the value of 0 - (-25 - (-31 - 14))?
-20
13 - (7 + -16 - -5 - -6)
11
What is 24 + (-47 - (15 - 23))?
-15
-13 + 1 + (-14 - (-37 + 22))
-11
Calculate (-21 - 8) + 41 + -6.
6
What is -1 + 6 - ((1 - 10) + 11 - -5)?
-2
What is (17 - 19) + 17 + -42?
-27
1 - (-10 - -3) - (27 - (-22 - -18))
-23
5 + -1 + 0 + (22 - (-23 + 27))
22
6 - (12 - (-2 - (-1 - 23)))
16
-13 - (-32 - -4) - (-2 - -10)
7
Calculate -2 + 8 + 2 - (-567 - -551).
24
-4 - ((-1 - -2) + (-4 - -10) + 6)
-17
Evaluate (-5 - 9) + (-8 - (-10 + -17) - 12).
-7
What is (-5 - -1) + 7 + (-15 - -12)?
0
What is -4 + 1 - (-3 - (10 + -18) - 1)?
-7
Evaluate (-3 - -1) + 2 + -9 - 6.
-15
Calculate (-59 - -77) + -4 + -1.
13
Calculate -27 + -34 + (46 - -32).
17
-2 - (1 + (5 - 3))
-5
-11 - -40 - (-8 - -7)
30
Calculate -11 + (-60 + 49 - (-16 - 0)) + -2.
-8
What is the value of -6 + 0 + 1 + (8 + -10 - 1)?
-8
2 + -1 + (0 - -10) + -1
10
What is the value of -5 - ((7 - (2 - -1)) + -3 + 4)?
-10
Evaluate (14 - -3) + -2 + 6 + -2.
19
23 + -33 + 10 + 6
6
What is the value of -9 - (124 + -123 - (-3 - (2 - 2)))?
-13
What is 8 + -12 - (-6 + (5 - 5))?
2
What is the value of 6 - (-27 - -2 - -22)?
9
Calculate 2 - (-15 - ((3 - 7) + -3) - -30).
-20
What is 2 - 1 - (-8 - (-10 + 2)) - -10?
11
-3 + (9 - 7) + (9 - 13) + 30
25
What is the value of (2 + -8 - 10) + (-6 + 4 - -8)?
-10
What is -5 - -12 - 21 - -19?
5
Calculate (1 - -3) + (22 - 10) + -9 + -9.
-2
Evaluate (-1 + 25 - (172 - 151)) + -36.
-33
Evaluate -10 + (-22 - (1 - (-17 + 6 - -22))).
-22
Evaluate 100 + -31 + -72 - (22 + -3 + 2).
-24
What is 19 + 1 - (-1617 + 1628)?
9
-31 + (31 - (-1 - -23))
-22
Calculate 5 + -5 - (28 - 57 - (0 + -6)).
23
Calculate 15 + (-14 + 11 - (2 + 1)).
9
What is the value of 5 - (-20 + (0 + -12 - -21))?
16
What is -9 - (-32 + -4 + 24)?
3
What is 15 + (-50 - -26 - 4)?
-13
What is the value of (30 - 21 - 0) + 19?
28
Calculate -29 - (22 - 44) - (0 - 18).
11
What is (19 - (0 + 4)) + -26 + (0 - -38)?
27
(9 - (-1 + 7)) + -5 + -6
-8
Calculate 12 - (-50 + 44 + (-1 - -33)).
-14
Evaluate -7 + 18 + 1 - (1 + (5 - 8)).
14
What is 7 - (-6 - (-12 - (-1 + 6 - 1)))?
-3
Calculate 29 + -7 + 7 + -7.
22
-14 - ((9 - 5 - 7) + -32 + 26)
-5
-2 + (4 - -18) + -33
-13
-29 - -15 - 1 - -25
10
Evaluate -8 + -15 + 11 + -11 + 25.
2
0 + -4 - (-12 - -17) - 8
-17
Evaluate (0 - (-2 - -10)) + (-7 - (26 - 3)).
-38
Evaluate (6 - 1) + (5 - (16 - (13 + -8))).
-1
Evaluate -5 - (-14 + 0 + 17).
-8
4 - (4 + -7) - 19 - (0 + -6)
-6
What is 20 - (-6 + 3) - (76 - 67)?
14
What is -29 + -2 - (-425 - -404)?
-10
Calculate 21 + 17 + -68 - -13.
-17
What is the value of -1 + 10 + (-31 - -18)?
-4
What is the value of (-1 - 1) + 3 - ((-20 - -31) + -26)?
16
What is 16 + -9 + 4 - -5?
16
What is (-2 + 3 - -4) + 13 + -16 + 4?
6
0 + (-5 - 0) + 3 + 7
5
What is 261 + -272 + 32 + 0?
21
-81 + 69 - ((-5 - -2) + -1)
-8
Calculate 3 + 4 + -2 + (-14 - -17).
8
Calculate -16 - (-9 + -15) - 25.
-17
What is 18 - (-5 + -10 - -23)?
10
What is the value of (-2 - 1) + 7 - (228 - 225)?
1
What is -12 + 15 + 8 - 12 - 7?
-8
What is the value of 34 + 3 + -25 + -28?
-16
Calculate -18 - (-85 + 91 + (0 - 3)).
-21
What is -184 + 138 + 26 + 0?
-20
What is -34 + 17 + 63 + (-17 - 1)?
28
What is -9 - (25 - 17) - -27?
10
What is the value of 8 - ((0 - -9) + 6) - -6?
-1
What is 14 - (2 - 0 - 4) - (-10 - -15)?
11
Calculate (76 - 94) + (-1 - -42).
23
What is the value of -4 + (9 - 2) - 4 - (-25 + 18)?
6
What is the value of -6 + (-4 - -2) + 9 - 2?
-1
What is -5 - ((79 - 77) + -4 + -1)?
-2
5 + -1 + 4 + -29 + 7
-14
Evaluate 16 + 11 + -2 + -19 - 5 - -10.
11
Calculate -4 - (-27 - -25) - (5 + 1).
-8
What is (13 - -10) + -29 - (-5 - 15)?
14
(-46 - -40) + -1 + 0 + -7
-14
What is -2 + (-1 - (-15 + 10) - (0 - -2))?
0
Evaluate -12 - (-17 - -4 - (-54 + 30)).
-23
What is the value of (27 - 10) + -27 + -3?
-13
Calculate -6 - (10 + -13) - (9 + 2).
-14
Evaluate 0 - (-9 + 9 - (30 + (7 - 1))).
36
(-38 - -8) + 1 + 6 + -14 + 14
-23
What is 109 + -103 + -2 + -17?
-13
What is the value of 14 + (8 - 11) + -10?
1
What is -23 + (-16 + -5 - -31)?
-13
What is the value of 19 - (9 + -12 + 3 + 1)?
18
What is the value of (66 - 45) + -22 + 37?
36
What is -4 - 4 - ((8 - 23) + -5)?
12
Calculate 5 + (30 - -8) + -47 + 36.
32
What is (-65 - -68 - (4 - -1)) + -1 + 8?
5
Evaluate (16 - (-11 + 20)) + -6.
1
What is 17 + -10 + 4 + -5 + -5 + 0?
1
Evaluate 6 + -7 + 1 - (3 - 8 - -1).
4
Evaluate 124 - 147 - (1 + -3).
-21
What is 57 + -1 + 1914 + -1947?
23
What is the value of 2 + (-18 - 0) - -26?
10
What is (31 + -15 - 22) + 43 + 1 + -11?
27
What is (3 - 8 - (-4 + 3)) + (9 - 16)?
-11
(-3 + -2 - 11) + 2
-14
15 + -4 + -5 + 4
10
Calculate 31 + (-9 - (-1 - -30)).
-7
-1 + (6 - (0 + 12)) + (6 - 3)
-4
Evaluate -12 - 13 - -28 - -14.
17
What is -29 - (5 + -20 + -1)?
-13
Evaluate 9 + (-31 - -53 - 10).
21
What is -5 + -7 + 14 + -5 + 17?
14
What is the value of 5 + (0 + 4 - (11 + 18))?
-20
What is -153 + 171 + 1 + -10?
9
Calculate -1 + -6 - (49 + -57) - (-8 + -13).
22
What is the value of (-11 - -4 - -2 - -1 - -3) + -5?
-6
What is the value of 8 - 5 - (-27 + 14)?
16
What is the value of 8 + (10 + -10 - -5) - -4?
17
What is the value of 10 + -10 + 17 + -38?
-21
Calculate -4431 + 4440 + (-43 - (-2 - (-1 + 1))).
-32
-62 + 63 - (12 - 0 - (3 + -3))
-11
Evaluate (6 - -4) + 0 + (5 - (3 - 0)).
12
Evaluate (-5 - -6) + -6 + (-11 - -18).
2
What is (125 - 104) + (4 - 14) + -2 + -19?
-10
What is the value of 18 + 37 + -78 + (11 - 2)?
-14
Calculate 17 + -9 + 4 + (-148 - -98).
-38
Evaluate (1 - 9) + 25 + -16 + (33 - 11).
23
Evaluate -4 + 0 - (9 + -12) - (-4 - -11).
-8
What is the value of -1 - 0 - -8 - (-14 - -11)?
10
What is -1 - (2 + -12 - (-6 + -5 + -6))?
-8
Calculate (6 + -5 - 3) + (1 - 7) + 17.
9
What is the value of -2 - 0 - (8 - (-5 - -6 - -2))?
-7
What is (2 - -1) + -11 - (3 + -1)?
-10
5 - (4 + 7 - 4 - (-11 - -7))
-6
What is the value of (67 - 58) + -11 + 1 + 4 + 2?
5
What is the value of -9 - (3 - (-6 - -21)) - (-7 + 3)?
7
What is (21 - (-6 - (-10 - -2))) + -8?
11
Calculate (8 - 16 - -3) + 5 + 5 + 1.
6
What is 27 + -44 + 14 + (1 - -9)?
7
What is 0 - (11 + -13) - (-34 - -16)?
20
What is the value of -17 + (24 + -24 - -42)?
25
What is the value of 8 + -15 + (2 - (-1 + 3))?
-7
(16 - 27) + 19 - -12
20
What is (16 - 24) + 5 + (1 - (10 + -2))?
-10
What is -14 + -29 - (-64 + 5)?
16
Evaluate 10 + (-10 - (26 + -12)) + 5.
-9
(-18 - (-43 - -13)) + -43
-31
(20 - 36) + 8 + -3
-11
Evaluate 64 + 21 + -41 - 33.
11
What is (2 - (16 + -5)) + (-27 + 15 - -20)?
-1
Evaluate -165 - -165 - (-16 - -2).
14
Evaluate (8 - (4 + -3)) + 4.
11
Evaluate (11 - -1) + -21 + 2 - 8.
-15
Evaluate 3 + -4 + -2 + (63 - 30) + 5.
35
35 - 17 - (-18 - -26)
10
(-8 + 8 - -11 - (4 - -11)) + -21
-25
What is (0 - -4) + -3685 + 3665?
-16
4 - ((4 - 2) + 6) - 4
-8
What is the value of -9 + 3 + 13 + -2?
5
What is the value of (-4 - 30) + (24 - 0)?
-10
-16 + 1 + (-44 - -46) - (8 - 6)
-15
What is -42 - -16 -